a composite number?
True
Let u(w) = 20099*w + 2572. Is u(5) a prime number?
True
Let w be ((-8)/6)/((-14)/21) - -9. Suppose -15*i + 548 = -w*i. Let p = i + 170. Is p a composite number?
False
Is 1 - 11/(-22)*100652 composite?
True
Suppose 3*k = -k + 40. Let z be (-2 + (-9188)/k)/(3/15). Is (-3)/(-9) + z/(-3) composite?
True
Let f = -109391 - -300598. Is f prime?
False
Let r = -271 - 380. Let a = r - -2060. Is a a composite number?
False
Suppose 118*b - 4349433 = 67*b. Is b a prime number?
False
Let p be 847/(-21) + (0 - 12/(-9)). Is (-569160)/p + 2/13 prime?
False
Let r = 97408 - 56529. Is r a prime number?
True
Let k(a) = 91*a**3 - 7*a**2 - 4*a + 9. Let s be k(-4). Let r = s + 8564. Is r prime?
False
Let w(g) = 7*g**2 - 9*g + 3. Let m be w(4). Suppose m*b - 7186 = 77*b. Is b prime?
True
Let d(o) = 10017*o**3 + 3*o**2 + 29*o - 147. Is d(4) prime?
False
Let d(i) = -15*i**3 - 45*i**2 - 46*i + 233. Is d(-33) composite?
True
Let o = 134038 - 66199. Is o a prime number?
False
Let q = 1047 + -560. Let s(i) = i**3 + 4*i + 4. Let y be s(-6). Let z = y + q. Is z a composite number?
False
Suppose 26*o - 200628 - 271766 = 0. Is o a composite number?
False
Suppose 3*g + 63256 = 2*a, -1041*g + 1043*g - 126528 = -4*a. Is a a composite number?
True
Is (6/4)/(36/2408904) a composite number?
True
Let r(q) be the second derivative of 2*q**4/3 - 4*q**3 - 21*q**2/2 + q + 38. Is r(19) a composite number?
False
Let k = 42269 - -36870. Is k a composite number?
False
Let m(z) = -196*z + 7. Let i be (-12)/24 - (-7)/2. Suppose -2*k - 36 = 5*n - 6*k, -i*n - 32 = -5*k. Is m(n) prime?
False
Suppose 0*y - y - 3321 = -5*m, -5*y = 4*m - 2680. Let l = 1214 - m. Let s = l + 770. Is s prime?
True
Suppose 0 = -k + 2*m + 3177, -50*m = 7*k - 46*m - 22113. Is k prime?
True
Let p(m) = 259*m**3 - 2*m**2 + 3*m - 1. Let w be p(2). Let h = w - -1829. Suppose -5*k + h = -3*k. Is k composite?
False
Let n = 94569 + -7276. Is n a composite number?
False
Is ((11/(-6))/(-11))/(16/1556832) a composite number?
False
Suppose -2*u = u - 4*u. Let b be 2/(2 - -4)*u. Suppose -1853 = -5*z - 4*o, -2*o + b*o = -4*z + 1498. Is z composite?
False
Suppose 4*z - 67342 = -0*l - 2*l, -3*z + 134699 = 4*l. Suppose 14*k - 135499 = -l. Is k a prime number?
False
Let j(d) = -d**3 + 21*d**2 - 8*d + 10. Let g be j(18). Let k = g - -946. Suppose 8*u = 4*u + k. Is u composite?
True
Let r = 11857 + -3387. Suppose 10272 = 4*t - 2*v, 5*v + r = 3*t + 773. Is t composite?
True
Let g(v) be the first derivative of 415*v**3/3 - v**2/2 - v + 20. Let k be g(-1). Suppose 2*s - 5*m = 4*s - k, -4*s + 854 = 2*m. Is s prime?
False
Is (-3)/(2/(-15) - 73309/(-550155)) prime?
True
Let v(j) = j**3 - 5*j**2 + 12*j - 13. Let r be v(6). Let p be 404/(1/(-2)*-2). Let k = p + r. Is k a prime number?
True
Suppose -2446858 = -5*n - 3*p, 2*p + 99823 = 2*n - 878917. Is n composite?
True
Suppose 0 = 8*c - 3*c - 295. Let b = 67 - c. Suppose -199 = -b*t + 81. Is t composite?
True
Suppose -h - 2*h + 1724 = n, h = 2*n + 570. Let f be 186*(5 - 54/12). Let z = f + h. Is z a composite number?
True
Let a(t) = 2*t - 2*t + 0*t + 2*t + 10. Let q be a(-3). Is (10/q + -3)/(-1)*1298 a prime number?
False
Let g = 187304 - 15255. Is g composite?
False
Suppose -5*p - 15924 = 34061. Let j = -6426 - p. Is j a composite number?
False
Let i(p) = 115*p**2 + 30*p - 272. Let z = 416 + -397. Is i(z) a composite number?
False
Let p be (-1 - -2)*-3 - -634. Suppose 2*l - 2864 = -2*u, -l + 821 = 5*u - p. Suppose m = -66 + l. Is m a composite number?
False
Let s(b) = 3*b - 60. Let h be s(20). Let j(o) = 187 + o + o**2 - o**3 - 2*o + 0*o**3 - 2*o**2. Is j(h) prime?
False
Suppose 4 - 24 = -5*l. Is 7356/(-18)*(309/(-6) - l) a prime number?
False
Is ((-1655298)/(-306) - 20)*17 a prime number?
True
Suppose 2*w + 60 = 2*a, w + 3*w = -a + 35. Suppose a*j - 44434 = 5*j. Is j composite?
False
Let o(a) = a**3 + 9*a**2 + 4. Let l be o(-9). Suppose -p = -l*p + 4*i - 16, -12 = -5*p - 3*i. Suppose p = -5*g + 152 + 413. Is g a composite number?
False
Let v(f) be the second derivative of f**5/10 - 29*f**4/12 - f**3 - 31*f**2/2 - 29*f. Is v(16) prime?
True
Is ((-3)/(30/(-127045)))/((-6)/(-12)) a prime number?
True
Suppose 237652 = 6*q + 2*s, 0 = -3*q - 13*s + 16*s + 118806. Is q composite?
False
Let k(c) = -3012*c**3 - 12*c**2 + 67. Is k(-6) prime?
True
Let u(j) = 1170*j - 1442. Is u(54) a prime number?
False
Let w = 463932 - -87529. Is w prime?
True
Let t(c) = 23*c + 252. Let i be t(39). Let x = i - -800. Is x a composite number?
False
Suppose -z + t = -1095322, -z + 10*t - 12*t + 1095295 = 0. Is z a prime number?
True
Suppose -3*u + 9*u = -3972. Suppose f - 4*j + 26 = 0, 0 = 2*f - 3*j + 33 + 4. Is u/(-4)*(f + 40) prime?
False
Let g(l) = 13*l**2 + 3*l - 3. Let v(s) = -s**2 + s + 1. Let k(a) = -a**2 - 9*a - 16. Let x be k(-7). Let q(t) = x*v(t) + g(t). Is q(-3) composite?
False
Let c(a) = 316*a**2 + 2*a + 1. Let x be c(1). Suppose 0 = w - i - 309, -x = -w + 3*i - 0*i. Let h = 683 - w. Is h a composite number?
False
Let p = 63 - 93. Let h be (2 + p/18)/(2/42). Let b(m) = 25*m - 12. Is b(h) a composite number?
False
Suppose 8*i = 22*i - 200256. Let a = i - 7845. Is a composite?
True
Let b(m) = -200288*m - 641. Is b(-6) a prime number?
True
Let u = 1 - 1. Let h = -320 - -324. Suppose u = -h*s + 1008 + 940. Is s a composite number?
False
Let o(j) = 58*j - 10*j**2 + j**3 - 35*j - j**2 - 12. Let p be o(9). Suppose p*b = 38*b - 16795. Is b prime?
True
Let n be 30/(-5) + (794544 - -12). Is n/(-60)*6/(-5) a prime number?
False
Suppose -36903 = -10*a + 34367. Suppose n - 2270 - 4859 = 2*l, -n + 3*l = -a. Is n composite?
True
Suppose 2*f = 307 - 101. Let o(b) = -29*b - 78. Let k be o(60). Let t = f - k. Is t prime?
False
Suppose 4*i + 2537156 = 4*t, 27*i - 2537128 = -4*t + 24*i. Is t composite?
True
Let h = -89 + 53. Let c = h - -669. Let w = c + -400. Is w a composite number?
False
Is (-3941465)/(-15)*(1/5 - 154/(-55)) composite?
True
Let m(x) = 6*x**3 - x**2 - 2*x. Let r be (-1 - -5) + 0 + -2. Let n be m(r). Suppose -3*c + 187 + n = i, 3*c + 5*i - 211 = 0. Is c prime?
False
Suppose 3*d + 5*c = -83951 + 220854, -c = -3*d + 136927. Is d a prime number?
True
Let y(h) = 7*h**3 - 3*h**2 + 2*h - 2. Let v be y(2). Let s be 70/(-2) + (10 - 6). Let b = v - s. Is b a composite number?
True
Is (24/16)/(90366/(-30124) - -3) composite?
True
Let c = -22 - -4. Let l be -1*6/c*(0 - 9). Is -10*((-6462)/(-24))/(l/2) prime?
False
Is (-490)/(-294) + 259120/(-6)*(-244)/5 composite?
True
Suppose 470214 + 269684 = 16*x - 105974. Is x prime?
False
Suppose 0 = 2*j - 4*h - 4442, -j - 3*h = -0*j - 2231. Let d = -64 + j. Is d a composite number?
False
Is (-304)/6688 + (-32370318)/(-44) composite?
False
Is 8562436/15 - 21/(-35) - (-4)/(-6) a prime number?
False
Let j be 5/(4*(-1)/(-2))*2. Let k be (-8)/5*j/(-2). Is 504 + -7 + k/(-1) prime?
False
Let l(p) = -66*p**3 - 8*p**2 - 21*p + 21. Is l(-14) composite?
True
Let u(s) = -20*s + 3. Let z(o) = -o - 3. Let j be z(-8). Suppose -n - j*w - 38 = 0, 19 = -4*n + 3*w - 18. Is u(n) a prime number?
True
Suppose 2*o + 5*r = -120, 197 = -2*o + 2*r + 63. Let f = -1154 - -772. Let b = o - f. Is b a composite number?
False
Let d = 3622 + -1301. Is d composite?
True
Suppose -j = 2*j - 21. Suppose -j*v = -45324 - 48763. Is v prime?
True
Let c(z) = -328*z - 5. Let r(b) be the third derivative of -b**4/24 - b**3/6 + 9*b**2. Let o(u) = c(u) + 5*r(u). Is o(-5) composite?
True
Suppose 3482281 = 27*m - 3272282. Is m composite?
False
Suppose -28608 + 91577 = w. Is w a prime number?
True
Let u(s) = 26*s**2 - 19*s + 167. Let i = -273 - -323. Is u(i) composite?
False
Let g = 856348 + -562037. Is g a composite number?
False
Suppose -4*i + 2*n - 201807 = -7*i, 0 = 3*i + n - 201810. Is i prime?
True
Is ((-49058676)/108)/((2/3)/(2/(-3))) composite?
False
Let k(r) be the first derivative of -25*r**4/2 - 7*r**3/3 + 21*r - 99. Is k(-4) a prime number?
True
Let w be (11275/(-3) + 1)*243/(-162). Suppose w = 2*t - 866. Is t composite?
False
Let a = -343574 + 631195. Is a composite?
True
Let o = 140 + -142. Let m(d) = -329*d - 11. Let i be m(o). Suppose 3119 = 3*t - 5*j, -4*j - i - 3517 = -4*t. Is t prime?
False
Suppose 8*k + 1728 - 680 = 0. Suppose -5*n = -10*n + 1210. Let f = n + k. Is f prime?
False
Suppose